q.
6
Let a = 5 - -17. Let u = a - 8. Let c = -7657 + 7678. What is the highest common factor of u and c?
7
Let y = 136 + -130. Let v = 27 - y. Calculate the highest common divisor of 777 and v.
21
Suppose 4*x = 2*a + 132, 7*x - 167 = 2*x + 3*a. Suppose x = -8*f + 63. What is the greatest common factor of f and 20?
4
Let a(g) = 12*g. Let q be a(3). Let l be 20/8 + (-76)/(-8). Calculate the greatest common divisor of l and q.
12
Suppose 37 = -y + 55. Suppose -y*m = -55*m + 20720. Calculate the highest common divisor of m and 70.
70
Suppose a - 6*a - u = -1827, u = 2. Suppose -2*d = g - 149, 5*d = 13*g - 8*g + a. Suppose 0 = -3*s + 52 + 59. What is the greatest common divisor of s and d?
37
Suppose -1054*u + 1022*u = -13824. What is the greatest common factor of 297 and u?
27
Suppose -14*b + 593 + 247 = 0. Let y = -24 + b. Suppose -41*p + 47*p = y. Calculate the greatest common factor of 6 and p.
6
Suppose -17*f + 47372 + 16578 = 14021. What is the highest common factor of 99 and f?
33
Let v = -422 + 432. Let a be 5*4/10 - -78. Calculate the greatest common factor of v and a.
10
Suppose 90*r - 4369 = -38*r - 129*r. What is the highest common factor of r and 137?
1
Let o(l) = 5*l**2 - 88*l + 240. Let z be o(15). What is the highest common factor of 80 and z?
5
Let j be (-10)/(-130) + (-5520)/(-65). What is the highest common factor of j and 85?
85
Let h = 6101 - 5933. Calculate the greatest common divisor of 4200 and h.
168
Suppose 32*c - 17888 = 19*c. Calculate the greatest common factor of c and 1634.
86
Let i be -3 - (0 + 2)/((-4)/46). What is the greatest common divisor of 620 and i?
20
Let p be (-11)/((2/(-2072))/(54/108)). What is the greatest common divisor of 22 and p?
22
Let h = -17 - -22. Let o be 0 + 40 - 12/3. Suppose h*g - y - 33 = 0, 3*y + o = 2*g + 15. What is the greatest common divisor of 24 and g?
6
Let g(h) = -7*h - 11. Let f be g(-2). Suppose f = 31*x - 30*x. Let r be x/(((-4)/70)/(24/(-30))). Calculate the highest common factor of r and 63.
21
Let u = 5 + -4. Let o(h) = 39*h**3 + h**2 - 3*h + 2. Let b be o(u). Let x be 350 - (2 - 1)*-1. Calculate the greatest common divisor of b and x.
39
Let m = 96 + -102. Let p be (-2)/m + 72/27. Calculate the greatest common factor of 93 and p.
3
Suppose 2112 = -26*o + 18201 + 5127. What is the highest common factor of 306 and o?
102
Suppose -2*n - l = -2650 - 582, -3224 = -2*n - 3*l. Let k = -928 + n. What is the highest common divisor of k and 30?
30
Suppose 12*h + 35169 - 104433 = 0. What is the highest common factor of h and 37?
37
Suppose -95 = 2*l - 455. Let r be 600/70*336/72. Calculate the highest common divisor of r and l.
20
Suppose 4*b - 48 = 16. Suppose -b = 4*c - 5*c. Let y = 4201 - 4089. What is the highest common divisor of y and c?
16
Suppose -15 = 14*z - 15. Suppose z = 4*f - 2*s + 13 - 31, 3*f = 2*s + 11. Calculate the highest common divisor of 133 and f.
7
Let x(z) = -z + 124. Let c be x(-5). Suppose -f - c = -213. What is the highest common divisor of f and 21?
21
Suppose 3 = -3*y + 12. Suppose -s + 448 = v - y*s, -9 = 3*s. What is the greatest common divisor of 26 and v?
26
Let x = -13 - -13. Suppose d - 21 + 23 = x. Let g be ((-14)/28)/(d/(-4)) - -71. Calculate the highest common divisor of 28 and g.
14
Let o(j) = 148*j - 1804. Let g be o(22). What is the highest common divisor of g and 110?
22
Let v be (((-1)/(-7))/(26/(-91)))/(1/(-198)). What is the greatest common factor of v and 1848?
33
Suppose 5*c + 414 = 24. Let o = c + 165. Calculate the highest common divisor of 3 and o.
3
Let z(c) = -c + 243. Let b be z(78). What is the highest common divisor of b and 10?
5
Let j(n) = 4*n - 2. Let f be j(2). Suppose f*l - 16 = 374. Suppose -t = -6*t + l. Calculate the highest common divisor of t and 13.
13
Suppose i - 20 = -4*i. Suppose 5*p = 16 + i. Suppose 0 = 8*y - 6*y - 5*h, -4*y - h + 44 = 0. What is the greatest common factor of y and p?
2
Let t(c) = -c**2 + 39*c - 106. Let u be t(36). Suppose -u*n + 45 = -3*w, 4 = -5*w + 9. What is the greatest common factor of 128 and n?
8
Suppose 2*j - 2*u = 2272, 5*u + 2790 = 4*j - 1757. Calculate the greatest common factor of 11 and j.
11
Let k(x) = x**3 - 59*x**2 + 122*x - 269. Let n be k(57). Calculate the greatest common factor of n and 88.
11
Let q = 19 + -27. Let x = -2 - q. Suppose 296*v - 291*v = 150. What is the highest common factor of v and x?
6
Let w(g) = g**2 + 11*g - 22. Let r be w(-13). Suppose 0 = x - 1, -u + r*u + 2*x = 242. Calculate the greatest common factor of u and 30.
10
Suppose 7*b - 12*b + 92 = 3*h, -h + 5*b + 24 = 0. Suppose 40 = 2*d + 2*d. Let n(j) = 13*j - 14. Let v be n(d). What is the highest common divisor of v and h?
29
Let g be (-2)/(-4) + -9*(-3)/(-6). Let j be (18 + g)*(4 - -3). Let o = 99 - j. What is the highest common factor of 13 and o?
1
Let l be 53 + 0 + 5 + -4. Let r be (-23 - -17)/(42/49) + 73. Calculate the highest common factor of r and l.
6
Suppose 4*o + 5 = 8*o - 3*m, 3*o - 5*m = 1. Suppose 5*f - 51 = -l, 135 = 4*l - f - o*f. Calculate the highest common factor of 108 and l.
36
Let b be 763/1 + -3 + -1 + 1. Let k be b/80 - (-2)/4. Suppose -2*d + 354 = 5*l, 2*d + 274 = 4*l - d. What is the greatest common factor of k and l?
10
Suppose 3*y - 411 = 3*i, 0*i - 5*i - 289 = -2*y. Let a(v) = -72*v**2 - 1. Let w be a(-1). Let m = w + y. What is the greatest common factor of m and 177?
59
Let j(h) = -h**3 + h**2 + 8*h + 11. Let c be j(0). Suppose f = 2*t + 8, -3*t = -4*f + 12 - 5. Let x = f + 13. Calculate the highest common factor of c and x.
11
Let q = 76 + -54. Suppose 3*c = 2*d + 600, 31*d - 29*d - 588 = -3*c. What is the greatest common divisor of q and c?
22
Suppose 2*s = 2*a - 4980, 19*s = 4*a + 14*s - 9960. What is the greatest common factor of 90 and a?
30
Let r be (-1 - 3) + -6*760/12. Let p be ((-24)/10)/4 - r/40. What is the greatest common divisor of 9 and p?
9
Let g be (1700/(-30))/(1/3). Let p be (-9)/(4/g*(-110)/(-88)). What is the highest common factor of 18 and p?
18
Let r(z) = -24*z + 16. Let i be r(-4). Suppose -4*s + v = s - 286, 2*s + 2*v = i. What is the highest common factor of s and 95?
19
Suppose f + 53 = 4*u, -3*u = -4*u - 4*f + 9. Let w = u + 0. Let z be -5 - -121 - 3/(-3). Calculate the highest common divisor of w and z.
13
Let o = 416 - 413. Suppose 0 = -3*d - 2*q + 3*q + 153, -d + 4*q = -51. What is the greatest common factor of d and o?
3
Let v = -5105 + 5314. What is the highest common factor of 456 and v?
19
Let l be (1260/273)/((-19)/(-247)). Let o be (10/(-6))/((-2)/(-36)). Let t = o + 42. What is the highest common factor of l and t?
12
Suppose -2*t = 2*s - 178, 0 = 2*s - 6*s - 5*t + 361. What is the highest common divisor of s and 612?
12
Let v(y) = y**3 - 7*y**2 - 9*y - 42. Let f be v(9). What is the highest common factor of f and 1807?
13
Let g = 17157 + -16707. What is the highest common divisor of 3330 and g?
90
Suppose 467 = 22*c + 159. Let s be ((-63)/c)/((-3)/344). What is the greatest common factor of 24 and s?
12
Suppose 5*w - 30 = 2*w. Let f = 4516 + -4514. Calculate the greatest common divisor of w and f.
2
Suppose 219*b = 244*b - 1164 - 786. Calculate the highest common factor of 96 and b.
6
Let u(k) = k**3 - k**2 + 10. Let d be u(0). Let l be (-718)/(-36) - (851/414)/(-37). What is the highest common factor of l and d?
10
Let v be (-1)/(-3)*((-6 - -41) + 4). Suppose -3*q = -4*h + v, 3*h - 4*q = -7*q + 36. Calculate the greatest common factor of 5 and h.
1
Let x be ((-10)/(-15)*-9)/((-202)/66 + 3). Calculate the highest common divisor of 451 and x.
11
Suppose -92 = -4*g + h, 797*h - 802*h = -5*g + 100. Calculate the highest common divisor of g and 213.
3
Suppose 2*y = 7*y - 615. Let p be 2 - y/(-4) - 27/36. Let c = -199 + 423. What is the highest common divisor of c and p?
32
Let t be (216/2)/((-40)/(-40)). Let h = -116 + 164. Suppose -h = 12*b - 16*b. What is the greatest common divisor of t and b?
12
Let j = -193 - -187. Let a be 1 - (6 + -56 + j). What is the highest common divisor of a and 57?
57
Let u = -38073 + 71259. What is the greatest common divisor of u and 6?
6
Let z = -7077 + 7113. What is the highest common divisor of 4734 and z?
18
Suppose 55 = -3*u + 181. Suppose 0 = -3*q + u + 24. Calculate the highest common factor of 506 a